{"id":23,"date":"2018-05-19T15:52:35","date_gmt":"2018-05-19T15:52:35","guid":{"rendered":"http:\/\/creativthemes.com\/theme-demo\/dikka-business\/?page_id=23"},"modified":"2021-10-19T15:27:03","modified_gmt":"2021-10-19T15:27:03","slug":"about","status":"publish","type":"page","link":"https:\/\/alfayomegagroup.com\/index.php\/about\/","title":{"rendered":"La Empresa"},"content":{"rendered":"<div id=\"pl-23\"  class=\"panel-layout\" ><div id=\"pg-23-0\"  class=\"panel-grid panel-no-style\" ><div id=\"pgc-23-0-0\"  class=\"panel-grid-cell\" ><div id=\"panel-23-0-0-0\" class=\"so-panel widget widget_sow-image panel-first-child panel-last-child\" data-index=\"0\" ><div\n\t\t\t\n\t\t\tclass=\"so-widget-sow-image so-widget-sow-image-default-8b5b6f678277-23\"\n\t\t\t\n\t\t>\n<div class=\"sow-image-container\">\n\t\t<img fetchpriority=\"high\" \n\tsrc=\"https:\/\/alfayomegagroup.com\/wp-content\/uploads\/2021\/10\/21717046219224_542.jpg\" width=\"800\" height=\"400\" srcset=\"https:\/\/alfayomegagroup.com\/wp-content\/uploads\/2021\/10\/21717046219224_542.jpg 800w, https:\/\/alfayomegagroup.com\/wp-content\/uploads\/2021\/10\/21717046219224_542-300x150.jpg 300w, https:\/\/alfayomegagroup.com\/wp-content\/uploads\/2021\/10\/21717046219224_542-768x384.jpg 768w\" sizes=\"(max-width: 800px) 100vw, 800px\" alt=\"\" \t\tclass=\"so-widget-image\"\/>\n\t<\/div>\n\n<\/div><\/div><\/div><div id=\"pgc-23-0-1\"  class=\"panel-grid-cell\" ><div id=\"panel-23-0-1-0\" class=\"so-panel widget widget_sow-editor panel-first-child panel-last-child\" data-index=\"1\" ><div\n\t\t\t\n\t\t\tclass=\"so-widget-sow-editor so-widget-sow-editor-base\"\n\t\t\t\n\t\t><h3 class=\"widget-title\">Bienvenidos a Alfa &amp; Omega<\/h3>\n<div class=\"siteorigin-widget-tinymce textwidget\">\n\t<p><strong>Servicio de Gruas Alfa &amp; Omega. Somos una empresa con amplia experiencia en servicio de gr\u00faas y asistencia vial con m\u00e1s de 07 a\u00f1os al servicio de la comunidad.<\/strong><\/p>\n<p>Brindamos Servicio de Gr\u00faas, asistencia vial, rescate y remolques para todo tipo de autos, camionetas, minivan, camiones, buses, montacargas\u00a0 y otros. Tambi\u00e9n realizamos rescates y maniobras especiales.<br \/>\nContamos con un personal profesionalmente capacitado y de amplia experiencia, que se encuentra siempre dispuesto a ofrecer soluciones inmediatas a sus emergencias y auxilio vial.<\/p>\n<p>Gr\u00faasAlfa &amp; Omega, somos una empresa con amplia experiencia en servicios de gruas con m\u00e1s de 07 a\u00f1os al servicio de la comunidad. Nuestro objetivo es servir de manera eficiente y eficaz a nuestros clientes, estamos comprometidos a brindar un servicio de calidad, para la satisfacci\u00f3n de nuestros clientes. Adem\u00e1s estamos convencidos en el desarrollo personal y profesional de nuestro personal, que siempre es capacitado para desarrollar un trabajo en equipo en pos de un servicio eficiente y eficaz.<\/p>\n<p>Tambi\u00e9n trabaja con empresas aseguradoras, nuestros clientes honran nuestro trabajo y dedicaci\u00f3n que brindamos en el tiempo que ellos m\u00e1s nos necesitan. Gr\u00faas Alfa &amp; Omega est\u00e1 comprometido en brindar una atenci\u00f3n en el tiempo oportuno, es por ello que cuenta con gr\u00faas distribuidas en diferentes puntos del Pais, para la pronta asistencia que requiera nuestra comunidad. Nuestras unidades siempre se van renovando en el desarrollo del a\u00f1o, nos preocupamos de mejorar nuestras unidades para brindar un servicio de calidad a nuestros clientes.<\/p>\n<h3>SOMOS ESPECIALISTAS<\/h3>\n<ul>\n<li>Servicio de gr\u00faa plataforma.<\/li>\n<li>Servicio de gr\u00faa pluma hidr\u00e1ulica.<\/li>\n<li>Traslado de todo tipo de veh\u00edculos a nivel Nacional<\/li>\n<li>Remolque de todo tipo de veh\u00edculos.<\/li>\n<li>Gr\u00faas de arrastre para todo tipo de veh\u00edculos.<\/li>\n<li>Rescate de todo tipo de veh\u00edculos.<\/li>\n<li>Transporte de maquinarias livianas y pesadas.<\/li>\n<li>Auxilio de combustible..<\/li>\n<li>Servicio de asistencia mec\u00e1nica.<\/li>\n<li>Auxilio viales.<\/li>\n<li>Auxilio de llantas.<\/li>\n<li>Servicios a vehiculos Asegurados.<\/li>\n<\/ul>\n<p>Realizamos un servicio optimo y al alcance de todos, con los mejores equipos calificados.<\/p>\n<p>Nos comprometemos a trabajar de manera eficiente y eficaz.<\/p>\n<\/div>\n<\/div><\/div><\/div><\/div><div id=\"pg-23-1\"  class=\"panel-grid panel-has-style\" ><div class=\"so-parallax siteorigin-panels-stretch panel-row-style panel-row-style-for-23-1\" data-stretch-type=\"full\" ><div id=\"pgc-23-1-0\"  class=\"panel-grid-cell\" ><div id=\"panel-23-1-0-0\" class=\"so-panel widget panel-first-child panel-last-child\" data-index=\"2\" ><\/div><\/div><\/div><\/div><div id=\"pg-23-2\"  class=\"panel-grid panel-no-style\" ><div id=\"pgc-23-2-0\"  class=\"panel-grid-cell\" ><div id=\"panel-23-2-0-0\" class=\"so-panel widget widget_sow-features panel-first-child panel-last-child\" data-index=\"3\" ><div\n\t\t\t\n\t\t\tclass=\"so-widget-sow-features so-widget-sow-features-default-a1c40a543db3-23\"\n\t\t\t\n\t\t><ul\n\tclass=\"sow-features-list\n\tsow-features-responsive\">\n\n\t\t\t<li\n\t\t\tclass=\"sow-features-feature sow-icon-container-position-top\"\n\t\t\tstyle=\"display: flex; flex-direction: column; width: calc(33.333% - 25px);\"\n\t\t>\n\t\t\t\n\t\t\t\t\t\t<div\t\t\t\tclass=\"sow-icon-container sow-container-none\"\n\t\t\t\tstyle=\"color: #dd9933; \"\n\t\t\t\t\n\t\t\t\t\t\t\t>\n\t\t\t\t<span class=\"sow-icon-elegantline\" data-sow-icon=\"&#xe000;\"\n\t\tstyle=\"font-size: 40px; color: #dd9933\" \n\t\taria-hidden=\"true\"><\/span>\t\t\t<\/div>\n\n\t\t\t<div class=\"textwidget\">\n\t\t\t\t\n\t\t\t\t\t\t\t\t\t<h5 class=\"sow-features-feature-title\">\n\t\t\t\t\t\tNuestro Futuro\t\t\t\t\t<\/h5>\n\t\t\t\t\n\t\t\t\t\t\t\t\t\t<div class=\"sow-features-feature-text\">\n\t\t\t\t\t<div class=\"mt-60\">\n<ul class=\"mb-30\">\n<li>\n<p class=\"fontCompania mb-10\">Cobertura Nacional<\/p>\n<\/li>\n<li>\n<p class=\"fontCompania mb-10\">Solvencia, tecnolog\u00eda<\/p>\n<\/li>\n<li>\n<p class=\"fontCompania mb-10\">Cumplimiento r\u00e1pido de sus obligaciones<\/p>\n<\/li>\n<\/ul>\n<\/div>\n\t\t\t\t\t<\/div>\n\t\t\t\t\t\t\t\t<\/div>\n\t\t\t\t\t\t\t\t<\/li>\n\n\t\t\t<li\n\t\t\tclass=\"sow-features-feature sow-icon-container-position-top\"\n\t\t\tstyle=\"display: flex; flex-direction: column; width: calc(33.333% - 25px);\"\n\t\t>\n\t\t\t\n\t\t\t\t\t\t<div\t\t\t\tclass=\"sow-icon-container sow-container-none\"\n\t\t\t\tstyle=\"color: #dd9933; \"\n\t\t\t\t\n\t\t\t\t\t\t\t>\n\t\t\t\t<span class=\"sow-icon-elegantline\" data-sow-icon=\"&#xe02b;\"\n\t\tstyle=\"font-size: 40px; color: #dd9933\" \n\t\taria-hidden=\"true\"><\/span>\t\t\t<\/div>\n\n\t\t\t<div class=\"textwidget\">\n\t\t\t\t\n\t\t\t\t\t\t\t\t\t<h5 class=\"sow-features-feature-title\">\n\t\t\t\t\t\tNuestro Futuro\t\t\t\t\t<\/h5>\n\t\t\t\t\n\t\t\t\t\t\t\t\t\t<div class=\"sow-features-feature-text\">\n\t\t\t\t\t<p>Una empresa LIDER debe saber generar valor agregado a la actividad aseguradora y darle a sus productos la mejor herramienta para competir en el mercado, lo que permitir\u00e1 un mayor desarrollo de su actividad profesional, gener\u00e1ndole la posibilidad de incursionar en productos alternativos, logrando as\u00ed aumentar la satisfacci\u00f3n del cliente.<\/p>\n\t\t\t\t\t<\/div>\n\t\t\t\t\t\t\t\t<\/div>\n\t\t\t\t\t\t\t\t<\/li>\n\n\t\t\t<li\n\t\t\tclass=\"sow-features-feature sow-icon-container-position-top\"\n\t\t\tstyle=\"display: flex; flex-direction: column; width: calc(33.333% - 25px);\"\n\t\t>\n\t\t\t\n\t\t\t\t\t\t<div\t\t\t\tclass=\"sow-icon-container sow-container-none\"\n\t\t\t\tstyle=\"color: #dd9933; \"\n\t\t\t\t\n\t\t\t\t\t\t\t>\n\t\t\t\t<span class=\"sow-icon-elegantline\" data-sow-icon=\"&#xe023;\"\n\t\tstyle=\"font-size: 40px; color: #dd9933\" \n\t\taria-hidden=\"true\"><\/span>\t\t\t<\/div>\n\n\t\t\t<div class=\"textwidget\">\n\t\t\t\t\n\t\t\t\t\t\t\t\t\t<h5 class=\"sow-features-feature-title\">\n\t\t\t\t\t\tNuestro Futuro\t\t\t\t\t<\/h5>\n\t\t\t\t\n\t\t\t\t\t\t\t\t\t<div class=\"sow-features-feature-text\">\n\t\t\t\t\t<p>Queremos, en suma, que\u00a0<strong>nuestros profesionales y clientes se consoliden como lo que verdaderamente son: piezas clave y esenciales de nuestra empresa.<\/strong><\/p>\n\t\t\t\t\t<\/div>\n\t\t\t\t\t\t\t\t<\/div>\n\t\t\t\t\t\t\t\t<\/li>\n\n\t\t\t<li\n\t\t\tclass=\"sow-features-feature sow-icon-container-position-top\"\n\t\t\tstyle=\"display: flex; flex-direction: column; width: calc(33.333% - 25px);\"\n\t\t>\n\t\t\t\n\t\t\t\t\t\t<div\t\t\t\tclass=\"sow-icon-container sow-container-none\"\n\t\t\t\tstyle=\"color: #dd9933; \"\n\t\t\t\t\n\t\t\t\t\t\t\t>\n\t\t\t\t<span class=\"sow-icon-elegantline\" data-sow-icon=\"&#xe021;\"\n\t\tstyle=\"font-size: 40px; color: #dd9933\" \n\t\taria-hidden=\"true\"><\/span>\t\t\t<\/div>\n\n\t\t\t<div class=\"textwidget\">\n\t\t\t\t\n\t\t\t\t\t\t\t\t\t<h5 class=\"sow-features-feature-title\">\n\t\t\t\t\t\tDesarrollo y Crecimiento\t\t\t\t\t<\/h5>\n\t\t\t\t\n\t\t\t\t\t\t\t\t\t<div class=\"sow-features-feature-text\">\n\t\t\t\t\t<div id=\"borderBottom\" class=\"heading-title heading-border-bottom borderBottomColorCompania text-center\"><\/div>\n<p>Crecer significa que nuestros clientes reciben\u00a0<strong>mejores servicios<\/strong>\u00a0cada d\u00eda<\/p>\n\t\t\t\t\t<\/div>\n\t\t\t\t\t\t\t\t<\/div>\n\t\t\t\t\t\t\t\t<\/li>\n\n\t\t\t<li\n\t\t\tclass=\"sow-features-feature sow-icon-container-position-top\"\n\t\t\tstyle=\"display: flex; flex-direction: column; width: calc(33.333% - 25px);\"\n\t\t>\n\t\t\t\n\t\t\t\t\t\t<div\t\t\t\tclass=\"sow-icon-container sow-container-none\"\n\t\t\t\tstyle=\"color: #dd9933; \"\n\t\t\t\t\n\t\t\t\t\t\t\t>\n\t\t\t\t<span class=\"sow-icon-elegantline\" data-sow-icon=\"&#xe016;\"\n\t\tstyle=\"font-size: 40px; color: #dd9933\" \n\t\taria-hidden=\"true\"><\/span>\t\t\t<\/div>\n\n\t\t\t<div class=\"textwidget\">\n\t\t\t\t\n\t\t\t\t\t\t\t\t\t<h5 class=\"sow-features-feature-title\">\n\t\t\t\t\t\tDesarrollo y Crecimiento\t\t\t\t\t<\/h5>\n\t\t\t\t\n\t\t\t\t\t\t\t\t\t<div class=\"sow-features-feature-text\">\n\t\t\t\t\t<p>Queremos que nuestros profesionales nos acompa\u00f1en en el\u00a0<strong>crecimiento.<\/strong><\/p>\n\t\t\t\t\t<\/div>\n\t\t\t\t\t\t\t\t<\/div>\n\t\t\t\t\t\t\t\t<\/li>\n\n\t\t\t<li\n\t\t\tclass=\"sow-features-feature sow-icon-container-position-top\"\n\t\t\tstyle=\"display: flex; flex-direction: column; width: calc(33.333% - 25px);\"\n\t\t>\n\t\t\t\n\t\t\t\t\t\t<div\t\t\t\tclass=\"sow-icon-container sow-container-none\"\n\t\t\t\tstyle=\"color: #dd9933; \"\n\t\t\t\t\n\t\t\t\t\t\t\t>\n\t\t\t\t<span class=\"sow-icon-elegantline\" data-sow-icon=\"&#xe025;\"\n\t\tstyle=\"font-size: 40px; color: #dd9933\" \n\t\taria-hidden=\"true\"><\/span>\t\t\t<\/div>\n\n\t\t\t<div class=\"textwidget\">\n\t\t\t\t\n\t\t\t\t\t\t\t\t\t<h5 class=\"sow-features-feature-title\">\n\t\t\t\t\t\tDesarrollo y Crecimiento\t\t\t\t\t<\/h5>\n\t\t\t\t\n\t\t\t\t\t\t\t\t\t<div class=\"sow-features-feature-text\">\n\t\t\t\t\t<p>Queremos interactuar con ellos, para brindar a nuestros clientes\u00a0<strong>la mejor atenci\u00f3n y los mejores beneficios.<\/strong><\/p>\n\t\t\t\t\t<\/div>\n\t\t\t\t\t\t\t\t<\/div>\n\t\t\t\t\t\t\t\t<\/li>\n\n\t<\/ul>\n<\/div><\/div><\/div><\/div><div id=\"pg-23-3\"  class=\"panel-grid panel-has-style\" ><div class=\"siteorigin-panels-stretch panel-row-style panel-row-style-for-23-3\" data-stretch-type=\"full\" ><div id=\"pgc-23-3-0\"  class=\"panel-grid-cell panel-grid-cell-empty\" ><\/div><\/div><\/div><\/div>","protected":false},"excerpt":{"rendered":"<p>Servicio de Gruas Alfa &amp; Omega. Somos una empresa con amplia experiencia en servicio de gr\u00faas y asistencia vial con m\u00e1s de 07 a\u00f1os al servicio de la comunidad. Brindamos Servicio de Gr\u00faas, asistencia vial, rescate y remolques para todo tipo de autos, camionetas, minivan, camiones, buses, montacargas\u00a0 y otros. Tambi\u00e9n realizamos rescates y maniobras [&hellip;]<\/p>\n","protected":false},"author":1,"featured_media":0,"parent":0,"menu_order":0,"comment_status":"closed","ping_status":"closed","template":"","meta":{"footnotes":""},"class_list":["post-23","page","type-page","status-publish","hentry"],"_links":{"self":[{"href":"https:\/\/alfayomegagroup.com\/index.php\/wp-json\/wp\/v2\/pages\/23","targetHints":{"allow":["GET"]}}],"collection":[{"href":"https:\/\/alfayomegagroup.com\/index.php\/wp-json\/wp\/v2\/pages"}],"about":[{"href":"https:\/\/alfayomegagroup.com\/index.php\/wp-json\/wp\/v2\/types\/page"}],"author":[{"embeddable":true,"href":"https:\/\/alfayomegagroup.com\/index.php\/wp-json\/wp\/v2\/users\/1"}],"replies":[{"embeddable":true,"href":"https:\/\/alfayomegagroup.com\/index.php\/wp-json\/wp\/v2\/comments?post=23"}],"version-history":[{"count":8,"href":"https:\/\/alfayomegagroup.com\/index.php\/wp-json\/wp\/v2\/pages\/23\/revisions"}],"predecessor-version":[{"id":250,"href":"https:\/\/alfayomegagroup.com\/index.php\/wp-json\/wp\/v2\/pages\/23\/revisions\/250"}],"wp:attachment":[{"href":"https:\/\/alfayomegagroup.com\/index.php\/wp-json\/wp\/v2\/media?parent=23"}],"curies":[{"name":"wp","href":"https:\/\/api.w.org\/{rel}","templated":true}]}}